{"id":44,"date":"2016-07-20T13:29:43","date_gmt":"2016-07-20T13:29:43","guid":{"rendered":"http:\/\/www.headmade.ro\/?page_id=44"},"modified":"2018-09-07T16:16:48","modified_gmt":"2018-09-07T14:16:48","slug":"design-interior","status":"publish","type":"page","link":"https:\/\/www.headmade.ro\/index.php\/ro\/portofoliu\/design-interior\/","title":{"rendered":"Design interior"},"content":{"rendered":"<h2>Design interior<\/h2>\n<p>REGINA MARIA \u2013 POLICLINICA COLENTINA\u00a0\u2013 str. Doamna Ghica 135, Bucure\u0219ti, 2018. Reamenajare parterului \u015fi etajului 1 \u00eentr-o cl\u0103dire existent\u0103, proiect tehnic de execu\u021bie pentru amenajarea de interior. Lucr\u0103ri de execu\u021bie finalizate. <\/p>\n<p>REGINA MARIA \u2013 CRAIOVA 2\u00a0\u2013 str. Alexandru Ioan Cuza 14, Craiova, 2018. Pediatrie, compartimentarea \u0219i amenajarea etajului 1 &#8211; open plan &#8211; \u00eentr-o cl\u0103dire existent\u0103. Documenta\u021bie pentru autoriza\u021bia de construire, proiect tehnic de execu\u021bie pentru compartiment\u0103ri, instala\u0163ii, amenajarea de interior, autoriza\u021bie de construire ob\u021binut\u0103. Lucr\u0103ri de execu\u021bie finalizate. <\/p>\n<p>REGINA MARIA \u2013 BRASOV 2\u00a0\u2013 str. Mihail Kog\u0103lniceanu 6, Bra\u0219ov, 2018. Policlinic\u0103, compartimentarea \u0219i amenajarea parterului si a etajului \u00eentr-o cl\u0103dire existent\u0103. Documenta\u021bie pentru autoriza\u021bia de construire, proiect tehnic de execu\u021bie pentru compartiment\u0103ri, demol\u0103ri, instala\u0163ii, amenajarea de interior, autoriza\u021bie de construire ob\u021binut\u0103. Lucr\u0103ri de execu\u021bie \u00een curs de finalizare. <\/p>\n<p>REGINA MARIA \u2013 TIMPURI NOI \u2013 str. Calea V\u0103c\u0103resti 189, Bucure\u0219ti, 2018. Policlinic\u0103, compartimentarea \u0219i amenajarea parterului \u015fi a etajului \u00eentr-o cl\u0103dire existent\u0103. Concept design interior, proiect tehnic de execu\u021bie pentru  amenajarea de interior. Lucr\u0103ri \u00een curs de demarare.<\/p>\n<p>REGINA MARIA KINETOTERAPIE &#8211; IA\u0218I, str. Grigore Ureche 3, Ia\u0219i, 2018. Clinic\u0103 de kinetoterapie cu sal\u0103 de sport, compartimentarea \u0219i amenajarea etajului 1 &#8211; open plan &#8211; \u00eentr-o cl\u0103dire existent\u0103. Documenta\u021bie pentru autoriza\u021bia de construire, proiect tehnic de execu\u021bie pentru compartiment\u0103ri, instala\u0163ii, amenajarea de interior. Autoriza\u021bie de construire ob\u021binut\u0103. Lucr\u0103ri de execu\u021bie finalizate. <\/p>\n<p>REGINA MARIA KINETOTERAPIE, str. Nicolae Caramfil, Bucure\u0219ti, 2018. Clinic\u0103 de kinetoterapie cu sal\u0103 de sport \u0219i sal\u0103 de kinetoterapie-pediatrie, concept de design interior. <\/p>\n<p><a href=\"http:\/\/www.headmade.ro\/index.php\/ro\/clinica-medicala-cu-bloc-operator\/\">CLINIC\u0102 MEDICAL\u0102 CU BLOC OPERATOR PENTRU MICI INTERVEN\u021aII<\/a> &#8211; str. Alexandrina, Bucure\u0219ti, 2015. P+1E. Documenta\u021bie pentru autoriza\u021bia de construire, proiect tehnic de execu\u021bie pentru amenajarea de interior, autoriza\u021bie de construire ob\u021binut\u0103. Lucr\u0103ri de execu\u021bie finalizate.<\/p>\n<p>CASA N \u2013 Pipera, Bucure\u0219ti, 2014, P+1+M. Proiect tehnic de execu\u021bie pentru amenajarea de interior, ilustrare 3D, design mobilier, renovare fa\u021bad\u0103. Lucr\u0103ri de execu\u021bie finalizate.<\/p>\n<p><a href=\"http:\/\/www.headmade.ro\/index.php\/ro\/locuinta-la-balotesti\/\">CASA L \u2013 Balote\u0219ti<\/a>, 2014, P+M. Proiect tehnic de execu\u021bie pentru amenajarea de interior, ilustrare 3D, design mobilier. Lucr\u0103ri de execu\u021bie finalizate.<\/p>\n<p>APARTAMENT DUPLEX DOGARILOR \u2013 Str. Dogarilor, Bucure\u0219ti, 2013. Proiect tehnic de execu\u021bie pentru amenajarea de interior, ilustrare 3D, design mobilier. Lucr\u0103ri de execu\u021bie finalizate.<\/p>\n<p>APARTAMENT MUZICA \u2013 str. Serdarului, Bucure\u0219ti, 2012. Proiect tehnic de execu\u021bie pentru amenajarea de interior, ilustrare 3D, design mobilier. Lucr\u0103ri de execu\u021bie finalizate.<\/p>\n<p>BIROURI EXIMBANK \u2013 METROPOLIS CENTER \u2013 Str. Iancu de Hunedoara, Bucure\u0219ti, 2010. Proiect tehnic de execu\u021bie pentru amenajarea de interior, ilustrare 3D, design mobilier. Lucr\u0103ri de execu\u021bie finalizate.<\/p>\n<p>SHOWROOM PIRITEX \u2013 Calea Vitan, Bucure\u0219ti, 2010. Proiect tehnic de execu\u021bie pentru amenajarea de interior, ilustrare 3D, design mobilier. Lucr\u0103ri de execu\u021bie finalizate.<\/p>\n<p>CERTASIG \u2013 str. Nicolae Caranfil, Bucure\u0219ti, 2009. S+P+5. Extindere pe zona terasei cu spatii pentru conferin\u021be, design interior \u0219i restructurare func\u021bionala. Documenta\u021bie pentru autoriza\u021bia de construire, proiect tehnic de execu\u021bie, autoriza\u021bie de construire ob\u021binut\u0103. Lucr\u0103ri de execu\u021bie finalizate.<\/p>\n<p>ANGELO HOTEL \u2013 Aeroportul Otopeni, Ilfov. Renovare, reabilitare \u0219i design interior pentru promovarea la 4 stele \u0219i un confort acustic crescut. Documenta\u021bie pentru autoriza\u021bia de construire, proiect tehnic de execu\u021bie, autorizatie de construire ob\u021binut\u0103. Lucr\u0103ri de execu\u021bie finalizate.<\/p>\n<p>APARTAMENT POPA SAVU \u2013 str. Popa Savu, Bucure\u0219ti, 2008. Proiect tehnic de execu\u021bie pentru amenajarea de interior, ilustrare 3d, design mobilier. Lucr\u0103ri de execu\u021bie finalizate.<\/p>\n<p>CMU \u2013 SEMA PARK \u2013 CLINICA \u2013 Splaiul Independentei, Bucure\u0219ti, 2008. Documenta\u021bie pentru autoriza\u021bia de construire, proiect tehnic de execu\u021bie, autoriza\u021bie de construire ob\u021binut\u0103. Lucr\u0103ri de execu\u021bie finalizate.<\/p>\n<p>MAGAZIN LA STRADA \u2013 str. Batistei, Bucure\u0219ti, 2007. Remodelare, design de concept, ilustrare 3D, amenajare interioar\u0103 \u0219i proiect de mobilier. Documenta\u021bie pentru autoriza\u021bia de construire, proiect tehnic de execu\u021bie, autoriza\u021bie de construire ob\u021binut\u0103. Lucr\u0103ri de execu\u021bie \u00eencheiate. Arie protejat\u0103.<\/p>\n<p>BIROURI IMMOBILIAR GROUP \u2013 B-dul Dimitrie Cantemir, Bucure\u0219ti, 2006. P+Mezanin. Proiect tehnic de execu\u021bie pentru amenajarea de interior, ilustrare 3D, design mobilier. Lucr\u0103ri de execu\u021bie finalizate.<\/p>\n<p>CMU KIDS OPERA CENTER, CLINICA PEDIATRICA \u2013 str. Costache Negri, Bucure\u0219ti, 2006. Documenta\u021bie pentru autoriza\u021bia de construire, proiect tehnic de execu\u021bie pentru amenajarea de interior, autoriza\u021bie de construire ob\u021binut\u0103. Lucr\u0103ri de execu\u021bie finalizate.<\/p>\n<p><a href=\"http:\/\/www.headmade.ro\/index.php\/ro\/castelul-stirbei-darmanesti\/\">APARTHOTEL. RENOVAREA \u0219i CONVERSIA CASTELULUI \u0218TIRBEY \u2013 D\u0103rm\u0103ne\u0219ti<\/a>. S+P+2+M. Restaurare, renovare \u0219i conversie \u00een boutique hotel. Conversia mansardei \u00een spa\u021biu pentru hotel. Documenta\u021bie pentru autoriza\u021bia de construire, proiect tehnic de execu\u021bie, autoriza\u021bie de construire ob\u021binut\u0103. Monument istoric. Concept de design interior pentru camera standard. Lucr\u0103ri de execu\u021bie finalizate.<\/p>\n<p>HILTON CONFERENCE CENTER \u2013 str. Episcopiei, Bucure\u0219ti, 2014. Reabilitare, design concept, interior design.<\/p>\n<p>ARHITECTURA VERNACULAR\u0102. Renov\u0103ri \u0219i extinderi \u00een 12 loca\u021bii \u2013 jud. Alba, 2012. S+P, S+P+Mansarda. Documenta\u021bie pentru autoriza\u021bia de construire, proiect tehnic de execu\u021bie, autoriza\u021bie de construire ob\u021binut\u0103.<\/p>\n","protected":false},"excerpt":{"rendered":"<p>Design interior REGINA MARIA \u2013 POLICLINICA COLENTINA\u00a0\u2013 str. Doamna Ghica &hellip;<\/p>\n","protected":false},"author":1,"featured_media":0,"parent":33,"menu_order":0,"comment_status":"closed","ping_status":"closed","template":"","meta":[],"_links":{"self":[{"href":"https:\/\/www.headmade.ro\/index.php\/wp-json\/wp\/v2\/pages\/44"}],"collection":[{"href":"https:\/\/www.headmade.ro\/index.php\/wp-json\/wp\/v2\/pages"}],"about":[{"href":"https:\/\/www.headmade.ro\/index.php\/wp-json\/wp\/v2\/types\/page"}],"author":[{"embeddable":true,"href":"https:\/\/www.headmade.ro\/index.php\/wp-json\/wp\/v2\/users\/1"}],"replies":[{"embeddable":true,"href":"https:\/\/www.headmade.ro\/index.php\/wp-json\/wp\/v2\/comments?post=44"}],"version-history":[{"count":3,"href":"https:\/\/www.headmade.ro\/index.php\/wp-json\/wp\/v2\/pages\/44\/revisions"}],"predecessor-version":[{"id":2153,"href":"https:\/\/www.headmade.ro\/index.php\/wp-json\/wp\/v2\/pages\/44\/revisions\/2153"}],"up":[{"embeddable":true,"href":"https:\/\/www.headmade.ro\/index.php\/wp-json\/wp\/v2\/pages\/33"}],"wp:attachment":[{"href":"https:\/\/www.headmade.ro\/index.php\/wp-json\/wp\/v2\/media?parent=44"}],"curies":[{"name":"wp","href":"https:\/\/api.w.org\/{rel}","templated":true}]}}